?
7, 23, 3847
What are the prime factors of 2896774?
2, 1448387
List the prime factors of 5079770.
2, 5, 17, 29881
List the prime factors of 6153665.
5, 7, 25117
What are the prime factors of 2111034?
2, 3, 193, 1823
List the prime factors of 2317811.
2317811
What are the prime factors of 291003?
3, 97001
What are the prime factors of 506817?
3, 6257
List the prime factors of 5780471.
569, 10159
What are the prime factors of 20522540?
2, 5, 1026127
List the prime factors of 92702.
2, 46351
List the prime factors of 317952.
2, 3, 23
List the prime factors of 463080.
2, 3, 5, 17, 227
What are the prime factors of 188219?
37, 5087
What are the prime factors of 212921?
149, 1429
List the prime factors of 316980.
2, 3, 5, 587
What are the prime factors of 5030792?
2, 13, 61
List the prime factors of 4740434.
2, 2370217
What are the prime factors of 4010134?
2, 37, 47, 1153
What are the prime factors of 170953?
170953
List the prime factors of 1218381.
3, 47, 8641
What are the prime factors of 457395?
3, 5, 30493
List the prime factors of 926597.
7, 132371
What are the prime factors of 1569116?
2, 392279
What are the prime factors of 54780?
2, 3, 5, 11, 83
What are the prime factors of 651494?
2, 325747
What are the prime factors of 95751?
3, 10639
List the prime factors of 2179261.
7, 311323
List the prime factors of 18676945.
5, 7, 263, 2029
List the prime factors of 2597014.
2, 7, 61, 3041
List the prime factors of 131972.
2, 32993
List the prime factors of 621605.
5, 17, 71, 103
What are the prime factors of 19746?
2, 3, 1097
What are the prime factors of 64106?
2, 7, 19, 241
List the prime factors of 155678.
2, 77839
List the prime factors of 111545.
5, 7, 3187
List the prime factors of 9097367.
41, 47, 4721
List the prime factors of 15007495.
5, 3001499
List the prime factors of 8086204.
2, 7, 107, 2699
What are the prime factors of 1005724?
2, 251431
List the prime factors of 741761.
17, 43633
What are the prime factors of 176967?
3, 7, 53
What are the prime factors of 39739?
7, 811
What are the prime factors of 834818?
2, 71, 5879
List the prime factors of 854508.
2, 3, 71209
What are the prime factors of 109094?
2, 54547
What are the prime factors of 18422309?
271, 67979
What are the prime factors of 861190?
2, 5, 11, 7829
List the prime factors of 863232.
2, 3, 281
What are the prime factors of 2135468?
2, 149, 3583
List the prime factors of 1295149.
31, 41, 1019
What are the prime factors of 2339925?
3, 5, 7, 4457
What are the prime factors of 13634993?
13634993
List the prime factors of 68210.
2, 5, 19, 359
What are the prime factors of 9623977?
11, 79537
What are the prime factors of 1048808?
2, 131101
List the prime factors of 317660.
2, 5, 7, 2269
What are the prime factors of 252244?
2, 19, 3319
List the prime factors of 16252502.
2, 7, 1160893
List the prime factors of 264396.
2, 3, 11, 2003
List the prime factors of 168243.
3, 56081
What are the prime factors of 427387?
37, 11551
What are the prime factors of 2285061?
3, 167, 4561
List the prime factors of 154721.
7, 23, 31
List the prime factors of 242237.
29, 8353
List the prime factors of 24595517.
24595517
What are the prime factors of 206921?
11, 13, 1447
List the prime factors of 5838609.
3, 7, 278029
What are the prime factors of 3055329?
3, 31, 47, 233
List the prime factors of 254623.
254623
List the prime factors of 524028.
2, 3, 43669
What are the prime factors of 290265?
3, 5, 37, 523
What are the prime factors of 524174?
2, 7, 37441
List the prime factors of 618098.
2, 13, 23773
List the prime factors of 2807035.
5, 7, 11, 23, 317
What are the prime factors of 12780328?
2, 11, 17, 8543
List the prime factors of 35312544.
2, 3, 23, 1777
List the prime factors of 387203.
387203
What are the prime factors of 1783926?
2, 3, 23, 31, 139
List the prime factors of 135816.
2, 3, 5659
List the prime factors of 9820973.
787, 12479
List the prime factors of 11279745.
3, 5, 367, 683
List the prime factors of 236707.
236707
List the prime factors of 726641.
726641
List the prime factors of 147251.
13, 47, 241
What are the prime factors of 447727?
7, 167, 383
List the prime factors of 304110.
2, 3, 5, 31, 109
What are the prime factors of 13179884?
2, 151, 21821
List the prime factors of 17884654.
2, 8942327
What are the prime factors of 464907?
3, 31, 4999
List the prime factors of 2020250.
2, 5, 8081
What are the prime factors of 6485468?
2, 11, 147397
What are the prime factors of 37807?
7, 11, 491
List the prime factors of 2174407.
2174407
List the prime factors of 1537622.
2, 768811
What are the prime factors of 9981366?
2, 3, 257, 6473
List the prime factors of 106301.
13, 17, 37
List the prime factors of 3419406.
2, 3, 189967
List the prime factors of 182925.
3, 5, 271
What are the prime factors of 10714840?
2, 5, 31, 8641
List the prime factors of 3021521.
503, 6007
List the prime factors of 6704840.
2, 5, 167621
What are the prime factors of 969688?
2, 53, 2287
What are the prime factors of 2873962?
2, 7, 13, 15791
List the prime factors of 1371060.
2, 3, 5, 2539
What are the prime factors of 27486110?
2, 5, 17, 161683
List the prime factors of 275131.
275131
What are the prime factors of 247345?
5, 7, 37, 191
List the prime factors of 10284.
2, 3, 857
List the prime factors of 77631.
3, 113, 229
List the prime factors of 2400885.
3, 5, 53353
List the prime factors of 4066377.
3, 7, 23, 8419
What are the prime factors of 142421?
142421
List the prime factors of 5511068.
2, 877, 1571
What are the prime factors of 200404?
2, 50101
List the prime factors of 23888119.
23888119
What are the prime factors of 201233?
201233
What are the prime factors of 432282?
2, 3, 72047
What are the prime factors of 20881757?
13, 1606289
What are the prime factors of 327488?
2, 7, 17, 43
What are the prime factors of 5572802?
2, 41, 67961
List the prime factors of 1061333.
7, 13, 107, 109
What are the prime factors of 156845?
5, 13, 19, 127
List the prime factors of 2233635.
3, 5, 43, 3463
List the prime factors of 9894422.
2, 383, 12917
List the prime factors of 3426174.
2, 3, 131, 1453
List the prime factors of 260878.
2, 130439
What are the prime factors of 1522883?
37, 79, 521
What are the prime factors of 830453?
13, 127, 503
List the prime factors of 6153260.
2, 5, 359, 857
What are the prime factors of 75245?
5, 101, 149
What are the prime factors of 210992?
2, 13187
What are the prime factors of 5462218?
2, 79, 181, 191
List the prime factors of 238732.
2, 13, 4591
List the prime factors of 6060610.
2, 5, 331, 1831
List the prime factors of 28806.
2, 3, 4801
What are the prime factors of 24800729?
211, 117539
What are the prime factors of 671360?
2, 5, 1049
What are the prime factors of 8352026?
2, 4176013
What are the prime factors of 1551045?
3, 5, 53, 1951
List the prime factors of 6723654.
2, 3, 7, 160087
List the prime factors of 14058678.
2, 3, 29, 43, 1879
List the prime factors of 1158081.
3, 71, 5437
What are the prime factors of 2930279?
11, 487, 547
What are the prime factors of 1646164?
2, 13, 31657
What are the prime factors of 4880904?
2, 3, 7, 17, 1709
What are the prime factors of 23621235?
3, 5, 11, 143159
What are the prime factors of 874866?
2, 3, 139, 1049
What are the prime factors of 177526?
2, 37, 2399
List the prime factors of 6321534.
2, 3, 1053589
What are the prime factors of 12091859?
13, 23, 37, 1093
What are the prime factors of 225783?
3, 25087
List the prime factors of 73430.
2, 5, 7, 1049
List the prime factors of 19325043.
3, 911, 2357
What are the prime factors of 10455?
3, 5, 17, 41
List the prime factors of 1144189.
307, 3727
List the prime factors of 389393.
439, 887
What are the prime factors of 486510?
2, 3, 5, 16217
List the prime factors of 969.
3, 17, 19
What are the prime factors of 15910?
2, 5, 37, 43
List the prime factors of 765511.
41, 18671
List the prime factors of 152778.
2, 3, 25463
List the prime factors of 3206891.
3206891
What are the prime factors of 1197831?
3, 399277
What are the prime factors of 12722760?
2, 3, 5, 59, 599
List the prime factors of 7035076.
2, 17, 103457
List the prime factors of 123212.
2, 30803
What are the prime factors of 13474367?
31, 97, 4481
What are the prime factors of 4712136?
2, 3, 11, 13, 1373
Wh